{"id":2386,"date":"2025-12-01T15:22:12","date_gmt":"2025-12-01T18:22:12","guid":{"rendered":"https:\/\/cedite.facet.unt.edu.ar\/?page_id=2386"},"modified":"2025-12-02T09:00:57","modified_gmt":"2025-12-02T12:00:57","slug":"acto-aniversario","status":"publish","type":"page","link":"https:\/\/cedite.facet.unt.edu.ar\/?page_id=2386","title":{"rendered":"Acto Aniversario"},"content":{"rendered":"\t\t<div data-elementor-type=\"wp-page\" data-elementor-id=\"2386\" class=\"elementor elementor-2386\">\n\t\t\t\t\t\t<section class=\"elementor-section elementor-top-section elementor-element elementor-element-162f348 elementor-section-boxed elementor-section-height-default elementor-section-height-default\" data-id=\"162f348\" data-element_type=\"section\" data-e-type=\"section\">\n\t\t\t\t\t\t<div class=\"elementor-container elementor-column-gap-default\">\n\t\t\t\t\t<div class=\"elementor-column elementor-col-100 elementor-top-column elementor-element elementor-element-9ef625c\" data-id=\"9ef625c\" data-element_type=\"column\" data-e-type=\"column\">\n\t\t\t<div class=\"elementor-widget-wrap elementor-element-populated\">\n\t\t\t\t\t\t<div class=\"elementor-element elementor-element-2d13118 elementor-widget elementor-widget-text-editor\" data-id=\"2d13118\" data-element_type=\"widget\" data-e-type=\"widget\" data-widget_type=\"text-editor.default\">\n\t\t\t\t<div class=\"elementor-widget-container\">\n\t\t\t\t\t\t\t\t\t<p>El Centro de Educaci\u00f3n a Distancia e Investigaci\u00f3n en Tecnolog\u00eda Educativa (CEDITE) \u2013 FACET \u2013 UNT celebr\u00f3 su 15\u00b0 aniversario el 31 de octubre, a las 11 h, en el Anfiteatro \u201cDra. Elisa M. Colombo\u201d.<\/p><p>El Acto conmemorativo fue un espacio especial para poner en valor los logros alcanzados a lo largo de estos a\u00f1os, destacar el crecimiento del centro y compartir las proyecciones y desaf\u00edos que guiar\u00e1n su labor en la innovaci\u00f3n educativa y tecnol\u00f3gica dentro de la Universidad Nacional de Tucum\u00e1n.<\/p><p>La jornada culmin\u00f3 con un Vino de Honor, donde autoridades, docentes, integrantes del CEDITE y p\u00fablico presente brindaron por el camino recorrido y por todo lo que a\u00fan est\u00e1 por venir.<\/p><h2 style=\"text-align: center;\">\u23ec\u23ec\u23ec<\/h2>\t\t\t\t\t\t\t\t<\/div>\n\t\t\t\t<\/div>\n\t\t\t\t\t<\/div>\n\t\t<\/div>\n\t\t\t\t\t<\/div>\n\t\t<\/section>\n\t\t\t\t<section class=\"elementor-section elementor-top-section elementor-element elementor-element-c7b5d93 elementor-section-boxed elementor-section-height-default elementor-section-height-default\" data-id=\"c7b5d93\" data-element_type=\"section\" data-e-type=\"section\">\n\t\t\t\t\t\t<div class=\"elementor-container elementor-column-gap-default\">\n\t\t\t\t\t<div class=\"elementor-column elementor-col-100 elementor-top-column elementor-element elementor-element-19c297e\" data-id=\"19c297e\" data-element_type=\"column\" data-e-type=\"column\">\n\t\t\t<div class=\"elementor-widget-wrap elementor-element-populated\">\n\t\t\t\t\t\t<div class=\"elementor-element elementor-element-ba8bc58 elementor-arrows-position-inside elementor-pagination-position-outside elementor-widget elementor-widget-image-carousel\" data-id=\"ba8bc58\" data-element_type=\"widget\" data-e-type=\"widget\" data-settings=\"{&quot;slides_to_show&quot;:&quot;1&quot;,&quot;navigation&quot;:&quot;both&quot;,&quot;autoplay&quot;:&quot;yes&quot;,&quot;pause_on_hover&quot;:&quot;yes&quot;,&quot;pause_on_interaction&quot;:&quot;yes&quot;,&quot;autoplay_speed&quot;:5000,&quot;infinite&quot;:&quot;yes&quot;,&quot;effect&quot;:&quot;slide&quot;,&quot;speed&quot;:500}\" data-widget_type=\"image-carousel.default\">\n\t\t\t\t<div class=\"elementor-widget-container\">\n\t\t\t\t\t\t\t<div class=\"elementor-image-carousel-wrapper swiper\" role=\"region\" aria-roledescription=\"carousel\" aria-label=\"Carrusel de im\u00e1genes\" dir=\"ltr\">\n\t\t\t<div class=\"elementor-image-carousel swiper-wrapper\" aria-live=\"off\">\n\t\t\t\t\t\t\t\t<div class=\"swiper-slide\" role=\"group\" aria-roledescription=\"slide\" aria-label=\"1 of 51\"><figure class=\"swiper-slide-inner\"><img decoding=\"async\" class=\"swiper-slide-image\" src=\"https:\/\/cedite.facet.unt.edu.ar\/wp-content\/uploads\/2025\/12\/1-Inicio-Acto-0-2-1024x768.jpeg\" alt=\"1 Inicio Acto 0\" \/><\/figure><\/div><div class=\"swiper-slide\" role=\"group\" aria-roledescription=\"slide\" aria-label=\"2 of 51\"><figure class=\"swiper-slide-inner\"><img decoding=\"async\" class=\"swiper-slide-image\" src=\"https:\/\/cedite.facet.unt.edu.ar\/wp-content\/uploads\/2025\/12\/1-Inicio-Acto-1-2-1024x768.jpeg\" alt=\"1 Inicio Acto 1\" \/><\/figure><\/div><div class=\"swiper-slide\" role=\"group\" aria-roledescription=\"slide\" aria-label=\"3 of 51\"><figure class=\"swiper-slide-inner\"><img decoding=\"async\" class=\"swiper-slide-image\" src=\"https:\/\/cedite.facet.unt.edu.ar\/wp-content\/uploads\/2025\/12\/1-Inicio-Acto-2-2-768x1024.jpg\" alt=\"1 Inicio Acto 2\" \/><\/figure><\/div><div class=\"swiper-slide\" role=\"group\" aria-roledescription=\"slide\" aria-label=\"4 of 51\"><figure class=\"swiper-slide-inner\"><img decoding=\"async\" class=\"swiper-slide-image\" src=\"https:\/\/cedite.facet.unt.edu.ar\/wp-content\/uploads\/2025\/12\/1-Inicio-Acto-3-2-1024x798.png\" alt=\"1 Inicio Acto 3\" \/><\/figure><\/div><div class=\"swiper-slide\" role=\"group\" aria-roledescription=\"slide\" aria-label=\"5 of 51\"><figure class=\"swiper-slide-inner\"><img decoding=\"async\" class=\"swiper-slide-image\" src=\"https:\/\/cedite.facet.unt.edu.ar\/wp-content\/uploads\/2025\/12\/1-Inicio-Acto-4-2-1024x768.jpeg\" alt=\"1 Inicio Acto 4\" \/><\/figure><\/div><div class=\"swiper-slide\" role=\"group\" aria-roledescription=\"slide\" aria-label=\"6 of 51\"><figure class=\"swiper-slide-inner\"><img decoding=\"async\" class=\"swiper-slide-image\" src=\"https:\/\/cedite.facet.unt.edu.ar\/wp-content\/uploads\/2025\/12\/Discurso-Lia-0-2-1024x768.jpeg\" alt=\"Discurso Li\u0301a 0\" \/><\/figure><\/div><div class=\"swiper-slide\" role=\"group\" aria-roledescription=\"slide\" aria-label=\"7 of 51\"><figure class=\"swiper-slide-inner\"><img decoding=\"async\" class=\"swiper-slide-image\" src=\"https:\/\/cedite.facet.unt.edu.ar\/wp-content\/uploads\/2025\/12\/Discurso-Lia-1-2-1024x768.jpeg\" alt=\"Discurso Li\u0301a 1\" \/><\/figure><\/div><div class=\"swiper-slide\" role=\"group\" aria-roledescription=\"slide\" aria-label=\"8 of 51\"><figure class=\"swiper-slide-inner\"><img decoding=\"async\" class=\"swiper-slide-image\" src=\"https:\/\/cedite.facet.unt.edu.ar\/wp-content\/uploads\/2025\/12\/Discurso-Lia-1-3-1024x576.jpg\" alt=\"Discurso Li\u0301a 1\" \/><\/figure><\/div><div class=\"swiper-slide\" role=\"group\" aria-roledescription=\"slide\" aria-label=\"9 of 51\"><figure class=\"swiper-slide-inner\"><img decoding=\"async\" class=\"swiper-slide-image\" src=\"https:\/\/cedite.facet.unt.edu.ar\/wp-content\/uploads\/2025\/12\/Discurso-Lia-2-2-1024x576.jpg\" alt=\"Discurso Li\u0301a 2\" \/><\/figure><\/div><div class=\"swiper-slide\" role=\"group\" aria-roledescription=\"slide\" aria-label=\"10 of 51\"><figure class=\"swiper-slide-inner\"><img decoding=\"async\" class=\"swiper-slide-image\" src=\"https:\/\/cedite.facet.unt.edu.ar\/wp-content\/uploads\/2025\/12\/Discurso-Lia-3-Presentacion-Libro-3-1024x768.jpeg\" alt=\"Discurso Li\u0301a 3 Presentacio\u0301n Libro\" \/><\/figure><\/div><div class=\"swiper-slide\" role=\"group\" aria-roledescription=\"slide\" aria-label=\"11 of 51\"><figure class=\"swiper-slide-inner\"><img decoding=\"async\" class=\"swiper-slide-image\" src=\"https:\/\/cedite.facet.unt.edu.ar\/wp-content\/uploads\/2025\/12\/Discurso-Lia-4-2-768x1024.jpeg\" alt=\"Discurso Li\u0301a 4\" \/><\/figure><\/div><div class=\"swiper-slide\" role=\"group\" aria-roledescription=\"slide\" aria-label=\"12 of 51\"><figure class=\"swiper-slide-inner\"><img decoding=\"async\" class=\"swiper-slide-image\" src=\"https:\/\/cedite.facet.unt.edu.ar\/wp-content\/uploads\/2025\/12\/Discurso-Lia-5-2-768x1024.jpeg\" alt=\"Discurso Li\u0301a 5\" \/><\/figure><\/div><div class=\"swiper-slide\" role=\"group\" aria-roledescription=\"slide\" aria-label=\"13 of 51\"><figure class=\"swiper-slide-inner\"><img decoding=\"async\" class=\"swiper-slide-image\" src=\"https:\/\/cedite.facet.unt.edu.ar\/wp-content\/uploads\/2025\/12\/Discurso-Lia-6-2-1024x768.jpeg\" alt=\"Discurso Li\u0301a 6\" \/><\/figure><\/div><div class=\"swiper-slide\" role=\"group\" aria-roledescription=\"slide\" aria-label=\"14 of 51\"><figure class=\"swiper-slide-inner\"><img decoding=\"async\" class=\"swiper-slide-image\" src=\"https:\/\/cedite.facet.unt.edu.ar\/wp-content\/uploads\/2025\/12\/Palabras-Ale-0-2-1024x768.jpeg\" alt=\"Palabras Ale 0\" \/><\/figure><\/div><div class=\"swiper-slide\" role=\"group\" aria-roledescription=\"slide\" aria-label=\"15 of 51\"><figure class=\"swiper-slide-inner\"><img decoding=\"async\" class=\"swiper-slide-image\" src=\"https:\/\/cedite.facet.unt.edu.ar\/wp-content\/uploads\/2025\/12\/Palabras-Ale-1-2-1024x768.jpg\" alt=\"Palabras Ale 1\" \/><\/figure><\/div><div class=\"swiper-slide\" role=\"group\" aria-roledescription=\"slide\" aria-label=\"16 of 51\"><figure class=\"swiper-slide-inner\"><img decoding=\"async\" class=\"swiper-slide-image\" src=\"https:\/\/cedite.facet.unt.edu.ar\/wp-content\/uploads\/2025\/12\/Palabras-Ale2-2-1024x768.jpeg\" alt=\"Palabras Ale2\" \/><\/figure><\/div><div class=\"swiper-slide\" role=\"group\" aria-roledescription=\"slide\" aria-label=\"17 of 51\"><figure class=\"swiper-slide-inner\"><img decoding=\"async\" class=\"swiper-slide-image\" src=\"https:\/\/cedite.facet.unt.edu.ar\/wp-content\/uploads\/2025\/12\/Palabras-Martel-1-2-768x1024.jpeg\" alt=\"Palabras Martel 1\" \/><\/figure><\/div><div class=\"swiper-slide\" role=\"group\" aria-roledescription=\"slide\" aria-label=\"18 of 51\"><figure class=\"swiper-slide-inner\"><img decoding=\"async\" class=\"swiper-slide-image\" src=\"https:\/\/cedite.facet.unt.edu.ar\/wp-content\/uploads\/2025\/12\/Palabras-Martel-2-2-1024x768.jpg\" alt=\"Palabras Martel 2\" \/><\/figure><\/div><div class=\"swiper-slide\" role=\"group\" aria-roledescription=\"slide\" aria-label=\"19 of 51\"><figure class=\"swiper-slide-inner\"><img decoding=\"async\" class=\"swiper-slide-image\" src=\"https:\/\/cedite.facet.unt.edu.ar\/wp-content\/uploads\/2025\/12\/Palabras-Rector-0-2-1024x768.jpeg\" alt=\"Palabras Rector 0\" \/><\/figure><\/div><div class=\"swiper-slide\" role=\"group\" aria-roledescription=\"slide\" aria-label=\"20 of 51\"><figure class=\"swiper-slide-inner\"><img decoding=\"async\" class=\"swiper-slide-image\" src=\"https:\/\/cedite.facet.unt.edu.ar\/wp-content\/uploads\/2025\/12\/Palabras-Rector-1-2-1024x768.jpg\" alt=\"Palabras Rector 1\" \/><\/figure><\/div><div class=\"swiper-slide\" role=\"group\" aria-roledescription=\"slide\" aria-label=\"21 of 51\"><figure class=\"swiper-slide-inner\"><img decoding=\"async\" class=\"swiper-slide-image\" src=\"https:\/\/cedite.facet.unt.edu.ar\/wp-content\/uploads\/2025\/12\/Palabras-Rector-4-2-1024x768.jpg\" alt=\"Palabras Rector 4\" \/><\/figure><\/div><div class=\"swiper-slide\" role=\"group\" aria-roledescription=\"slide\" aria-label=\"22 of 51\"><figure class=\"swiper-slide-inner\"><img decoding=\"async\" class=\"swiper-slide-image\" src=\"https:\/\/cedite.facet.unt.edu.ar\/wp-content\/uploads\/2025\/12\/Palabras-Rector-5-2-1024x768.jpg\" alt=\"Palabras Rector 5\" \/><\/figure><\/div><div class=\"swiper-slide\" role=\"group\" aria-roledescription=\"slide\" aria-label=\"23 of 51\"><figure class=\"swiper-slide-inner\"><img decoding=\"async\" class=\"swiper-slide-image\" src=\"https:\/\/cedite.facet.unt.edu.ar\/wp-content\/uploads\/2025\/12\/Publico-0-1-768x1024.jpg\" alt=\"Pu\u0301blico 0\" \/><\/figure><\/div><div class=\"swiper-slide\" role=\"group\" aria-roledescription=\"slide\" aria-label=\"24 of 51\"><figure class=\"swiper-slide-inner\"><img decoding=\"async\" class=\"swiper-slide-image\" src=\"https:\/\/cedite.facet.unt.edu.ar\/wp-content\/uploads\/2025\/12\/Publico-2-1-1024x768.jpg\" alt=\"Pu\u0301blico 2\" \/><\/figure><\/div><div class=\"swiper-slide\" role=\"group\" aria-roledescription=\"slide\" aria-label=\"25 of 51\"><figure class=\"swiper-slide-inner\"><img decoding=\"async\" class=\"swiper-slide-image\" src=\"https:\/\/cedite.facet.unt.edu.ar\/wp-content\/uploads\/2025\/12\/Publico-3-1-768x1024.jpg\" alt=\"Pu\u0301blico 3\" \/><\/figure><\/div><div class=\"swiper-slide\" role=\"group\" aria-roledescription=\"slide\" aria-label=\"26 of 51\"><figure class=\"swiper-slide-inner\"><img decoding=\"async\" class=\"swiper-slide-image\" src=\"https:\/\/cedite.facet.unt.edu.ar\/wp-content\/uploads\/2025\/12\/Publico-1-1024x768.jpg\" alt=\"Pu\u0301blico\" \/><\/figure><\/div><div class=\"swiper-slide\" role=\"group\" aria-roledescription=\"slide\" aria-label=\"27 of 51\"><figure class=\"swiper-slide-inner\"><img decoding=\"async\" class=\"swiper-slide-image\" src=\"https:\/\/cedite.facet.unt.edu.ar\/wp-content\/uploads\/2025\/12\/Recepcion-Libro-Rector-2-1-1024x768.jpg\" alt=\"Recepcio\u0301n Libro Rector 2\" \/><\/figure><\/div><div class=\"swiper-slide\" role=\"group\" aria-roledescription=\"slide\" aria-label=\"28 of 51\"><figure class=\"swiper-slide-inner\"><img decoding=\"async\" class=\"swiper-slide-image\" src=\"https:\/\/cedite.facet.unt.edu.ar\/wp-content\/uploads\/2025\/12\/Recepcion-Libro-Rector-3-1-1024x768.jpg\" alt=\"Recepcio\u0301n Libro Rector 3\" \/><\/figure><\/div><div class=\"swiper-slide\" role=\"group\" aria-roledescription=\"slide\" aria-label=\"29 of 51\"><figure class=\"swiper-slide-inner\"><img decoding=\"async\" class=\"swiper-slide-image\" src=\"https:\/\/cedite.facet.unt.edu.ar\/wp-content\/uploads\/2025\/12\/Recepcion-Libro-Rector-6-1-1024x768.jpg\" alt=\"Recepcio\u0301n Libro Rector 6\" \/><\/figure><\/div><div class=\"swiper-slide\" role=\"group\" aria-roledescription=\"slide\" aria-label=\"30 of 51\"><figure class=\"swiper-slide-inner\"><img decoding=\"async\" class=\"swiper-slide-image\" src=\"https:\/\/cedite.facet.unt.edu.ar\/wp-content\/uploads\/2025\/12\/Recepcion-Libro-Rector-1-1024x768.jpg\" alt=\"Recepcio\u0301n Libro Rector\" \/><\/figure><\/div><div class=\"swiper-slide\" role=\"group\" aria-roledescription=\"slide\" aria-label=\"31 of 51\"><figure class=\"swiper-slide-inner\"><img decoding=\"async\" class=\"swiper-slide-image\" src=\"https:\/\/cedite.facet.unt.edu.ar\/wp-content\/uploads\/2025\/12\/Recepcion-Libro-Vicedecano-2-1-1024x768.jpg\" alt=\"Recepcio\u0301n Libro Vicedecano 2\" \/><\/figure><\/div><div class=\"swiper-slide\" role=\"group\" aria-roledescription=\"slide\" aria-label=\"32 of 51\"><figure class=\"swiper-slide-inner\"><img decoding=\"async\" class=\"swiper-slide-image\" src=\"https:\/\/cedite.facet.unt.edu.ar\/wp-content\/uploads\/2025\/12\/Recepcion-Libro-Vicedecano-1-1024x768.jpg\" alt=\"Recepcio\u0301n Libro Vicedecano\" \/><\/figure><\/div><div class=\"swiper-slide\" role=\"group\" aria-roledescription=\"slide\" aria-label=\"33 of 51\"><figure class=\"swiper-slide-inner\"><img decoding=\"async\" class=\"swiper-slide-image\" src=\"https:\/\/cedite.facet.unt.edu.ar\/wp-content\/uploads\/2025\/12\/Reconocimiento-a-Chelo-operador-1-768x1024.jpg\" alt=\"Reconocimiento a Chelo operador\" \/><\/figure><\/div><div class=\"swiper-slide\" role=\"group\" aria-roledescription=\"slide\" aria-label=\"34 of 51\"><figure class=\"swiper-slide-inner\"><img decoding=\"async\" class=\"swiper-slide-image\" src=\"https:\/\/cedite.facet.unt.edu.ar\/wp-content\/uploads\/2025\/12\/Reconocimiento-a-Gustavo-2-1-1024x768.jpg\" alt=\"Reconocimiento a Gustavo 2\" \/><\/figure><\/div><div class=\"swiper-slide\" role=\"group\" aria-roledescription=\"slide\" aria-label=\"35 of 51\"><figure class=\"swiper-slide-inner\"><img decoding=\"async\" class=\"swiper-slide-image\" src=\"https:\/\/cedite.facet.unt.edu.ar\/wp-content\/uploads\/2025\/12\/Reconocimiento-a-Gustavo-1-1024x768.jpg\" alt=\"Reconocimiento a Gustavo\" \/><\/figure><\/div><div class=\"swiper-slide\" role=\"group\" aria-roledescription=\"slide\" aria-label=\"36 of 51\"><figure class=\"swiper-slide-inner\"><img decoding=\"async\" class=\"swiper-slide-image\" src=\"https:\/\/cedite.facet.unt.edu.ar\/wp-content\/uploads\/2025\/12\/Reconocimiento-a-Lia-0-1-1024x768.jpeg\" alt=\"Reconocimiento a Li\u0301a 0\" \/><\/figure><\/div><div class=\"swiper-slide\" role=\"group\" aria-roledescription=\"slide\" aria-label=\"37 of 51\"><figure class=\"swiper-slide-inner\"><img decoding=\"async\" class=\"swiper-slide-image\" src=\"https:\/\/cedite.facet.unt.edu.ar\/wp-content\/uploads\/2025\/12\/Reconocimiento-a-Lia-1-1-1024x768.jpeg\" alt=\"Reconocimiento a Li\u0301a 1\" \/><\/figure><\/div><div class=\"swiper-slide\" role=\"group\" aria-roledescription=\"slide\" aria-label=\"38 of 51\"><figure class=\"swiper-slide-inner\"><img decoding=\"async\" class=\"swiper-slide-image\" src=\"https:\/\/cedite.facet.unt.edu.ar\/wp-content\/uploads\/2025\/12\/Reconocimiento-a-Lia-2-1-1024x768.jpg\" alt=\"Reconocimiento a Li\u0301a 2\" \/><\/figure><\/div><div class=\"swiper-slide\" role=\"group\" aria-roledescription=\"slide\" aria-label=\"39 of 51\"><figure class=\"swiper-slide-inner\"><img decoding=\"async\" class=\"swiper-slide-image\" src=\"https:\/\/cedite.facet.unt.edu.ar\/wp-content\/uploads\/2025\/12\/Reconocimiento-a-Lia-3-1-1024x768.jpg\" alt=\"Reconocimiento a Li\u0301a 3\" \/><\/figure><\/div><div class=\"swiper-slide\" role=\"group\" aria-roledescription=\"slide\" aria-label=\"40 of 51\"><figure class=\"swiper-slide-inner\"><img decoding=\"async\" class=\"swiper-slide-image\" src=\"https:\/\/cedite.facet.unt.edu.ar\/wp-content\/uploads\/2025\/12\/Reconocimiento-a-Lia-4-1-1024x768.jpg\" alt=\"Reconocimiento a Li\u0301a 4\" \/><\/figure><\/div><div class=\"swiper-slide\" role=\"group\" aria-roledescription=\"slide\" aria-label=\"41 of 51\"><figure class=\"swiper-slide-inner\"><img decoding=\"async\" class=\"swiper-slide-image\" src=\"https:\/\/cedite.facet.unt.edu.ar\/wp-content\/uploads\/2025\/12\/Reconocimiento-a-Nico-2-1-1024x768.jpg\" alt=\"Reconocimiento a Nico 2\" \/><\/figure><\/div><div class=\"swiper-slide\" role=\"group\" aria-roledescription=\"slide\" aria-label=\"42 of 51\"><figure class=\"swiper-slide-inner\"><img decoding=\"async\" class=\"swiper-slide-image\" src=\"https:\/\/cedite.facet.unt.edu.ar\/wp-content\/uploads\/2025\/12\/Reconocimiento-a-Nico-1-1024x768.jpg\" alt=\"Reconocimiento a Nico\" \/><\/figure><\/div><div class=\"swiper-slide\" role=\"group\" aria-roledescription=\"slide\" aria-label=\"43 of 51\"><figure class=\"swiper-slide-inner\"><img decoding=\"async\" class=\"swiper-slide-image\" src=\"https:\/\/cedite.facet.unt.edu.ar\/wp-content\/uploads\/2025\/12\/Reconocimiento-a-Pablo-2-1-1024x768.jpg\" alt=\"Reconocimiento a Pablo 2\" \/><\/figure><\/div><div class=\"swiper-slide\" role=\"group\" aria-roledescription=\"slide\" aria-label=\"44 of 51\"><figure class=\"swiper-slide-inner\"><img decoding=\"async\" class=\"swiper-slide-image\" src=\"https:\/\/cedite.facet.unt.edu.ar\/wp-content\/uploads\/2025\/12\/Reconocimiento-a-Pablo-1-1024x768.jpg\" alt=\"Reconocimiento a Pablo\" \/><\/figure><\/div><div class=\"swiper-slide\" role=\"group\" aria-roledescription=\"slide\" aria-label=\"45 of 51\"><figure class=\"swiper-slide-inner\"><img decoding=\"async\" class=\"swiper-slide-image\" src=\"https:\/\/cedite.facet.unt.edu.ar\/wp-content\/uploads\/2025\/12\/Reconocimiento-Chelo-1-1024x768.jpeg\" alt=\"Reconocimiento Chelo\" \/><\/figure><\/div><div class=\"swiper-slide\" role=\"group\" aria-roledescription=\"slide\" aria-label=\"46 of 51\"><figure class=\"swiper-slide-inner\"><img decoding=\"async\" class=\"swiper-slide-image\" src=\"https:\/\/cedite.facet.unt.edu.ar\/wp-content\/uploads\/2025\/12\/Reconocimiento-Fer-1-1024x768.jpeg\" alt=\"Reconocimiento Fer\" \/><\/figure><\/div><div class=\"swiper-slide\" role=\"group\" aria-roledescription=\"slide\" aria-label=\"47 of 51\"><figure class=\"swiper-slide-inner\"><img decoding=\"async\" class=\"swiper-slide-image\" src=\"https:\/\/cedite.facet.unt.edu.ar\/wp-content\/uploads\/2025\/12\/Reconocimiento-Marcos-1-1024x768.jpg\" alt=\"Reconocimiento Marcos\" \/><\/figure><\/div><div class=\"swiper-slide\" role=\"group\" aria-roledescription=\"slide\" aria-label=\"48 of 51\"><figure class=\"swiper-slide-inner\"><img decoding=\"async\" class=\"swiper-slide-image\" src=\"https:\/\/cedite.facet.unt.edu.ar\/wp-content\/uploads\/2025\/12\/Vino-de-Honor-Servicio-de-Catering-1-1-1024x768.jpg\" alt=\"Vino de Honor Servicio de Catering 1\" \/><\/figure><\/div><div class=\"swiper-slide\" role=\"group\" aria-roledescription=\"slide\" aria-label=\"49 of 51\"><figure class=\"swiper-slide-inner\"><img decoding=\"async\" class=\"swiper-slide-image\" src=\"https:\/\/cedite.facet.unt.edu.ar\/wp-content\/uploads\/2025\/12\/Vino-de-Honor-Servicio-de-Catering-2-1-1024x768.jpg\" alt=\"Vino de Honor Servicio de Catering 2\" \/><\/figure><\/div><div class=\"swiper-slide\" role=\"group\" aria-roledescription=\"slide\" aria-label=\"50 of 51\"><figure class=\"swiper-slide-inner\"><img decoding=\"async\" class=\"swiper-slide-image\" src=\"https:\/\/cedite.facet.unt.edu.ar\/wp-content\/uploads\/2025\/12\/Vino-de-Honor-Servicio-de-Catering-4-1-1024x768.jpg\" alt=\"Vino de Honor Servicio de Catering 4\" \/><\/figure><\/div><div class=\"swiper-slide\" role=\"group\" aria-roledescription=\"slide\" aria-label=\"51 of 51\"><figure class=\"swiper-slide-inner\"><img decoding=\"async\" class=\"swiper-slide-image\" src=\"https:\/\/cedite.facet.unt.edu.ar\/wp-content\/uploads\/2025\/12\/Vino-de-Honor-Servicio-de-Catering-3-1024x768.jpg\" alt=\"Vino de Honor Servicio de Catering\" \/><\/figure><\/div>\t\t\t<\/div>\n\t\t\t\t\t\t\t\t\t\t\t\t<div class=\"elementor-swiper-button elementor-swiper-button-prev\" role=\"button\" tabindex=\"0\">\n\t\t\t\t\t\t<i aria-hidden=\"true\" class=\"eicon-chevron-left\"><\/i>\t\t\t\t\t<\/div>\n\t\t\t\t\t<div class=\"elementor-swiper-button elementor-swiper-button-next\" role=\"button\" tabindex=\"0\">\n\t\t\t\t\t\t<i aria-hidden=\"true\" class=\"eicon-chevron-right\"><\/i>\t\t\t\t\t<\/div>\n\t\t\t\t\n\t\t\t\t\t\t\t\t\t<div class=\"swiper-pagination\"><\/div>\n\t\t\t\t\t\t\t\t\t<\/div>\n\t\t\t\t\t\t<\/div>\n\t\t\t\t<\/div>\n\t\t\t\t\t<\/div>\n\t\t<\/div>\n\t\t\t\t\t<\/div>\n\t\t<\/section>\n\t\t\t\t<section class=\"elementor-section elementor-top-section elementor-element elementor-element-5f7646b elementor-section-boxed elementor-section-height-default elementor-section-height-default\" data-id=\"5f7646b\" data-element_type=\"section\" data-e-type=\"section\">\n\t\t\t\t\t\t<div class=\"elementor-container elementor-column-gap-default\">\n\t\t\t\t\t<div class=\"elementor-column elementor-col-100 elementor-top-column elementor-element elementor-element-637f5d5\" data-id=\"637f5d5\" data-element_type=\"column\" data-e-type=\"column\">\n\t\t\t<div class=\"elementor-widget-wrap elementor-element-populated\">\n\t\t\t\t\t\t<div class=\"elementor-element elementor-element-c83700b elementor-widget elementor-widget-text-editor\" data-id=\"c83700b\" data-element_type=\"widget\" data-e-type=\"widget\" data-widget_type=\"text-editor.default\">\n\t\t\t\t<div class=\"elementor-widget-container\">\n\t\t\t\t\t\t\t\t\t<p style=\"text-align: center;\"><a href=\"https:\/\/cedite.facet.unt.edu.ar\/?page_id=1806\" class=\"su-button su-button-style-default\" style=\"color:#FFFFFF;background-color:#2D89EF;border-color:#246ec0;border-radius:12px\" target=\"_self\"><span style=\"color:#FFFFFF;padding:0px 30px;font-size:22px;line-height:44px;border-color:#6cadf4;border-radius:12px;text-shadow:none\"> Regresar<\/span><\/a><\/p>\t\t\t\t\t\t\t\t<\/div>\n\t\t\t\t<\/div>\n\t\t\t\t\t<\/div>\n\t\t<\/div>\n\t\t\t\t\t<\/div>\n\t\t<\/section>\n\t\t\t\t<\/div>\n\t\t","protected":false},"excerpt":{"rendered":"<p>El Centro de Educaci\u00f3n a Distancia e Investigaci\u00f3n en Tecnolog\u00eda Educativa (CEDITE) \u2013 FACET \u2013 UNT celebr\u00f3 su 15\u00b0 aniversario el 31 de octubre, a las 11 h, en el Anfiteatro \u201cDra. Elisa M. Colombo\u201d. El Acto conmemorativo fue un espacio especial para poner en valor los logros alcanzados a lo largo de estos a\u00f1os, [&hellip;]<\/p>\n","protected":false},"author":1,"featured_media":0,"parent":0,"menu_order":0,"comment_status":"closed","ping_status":"closed","template":"","meta":{"_vp_format_video_url":"","_vp_image_focal_point":[],"footnotes":""},"class_list":["post-2386","page","type-page","status-publish","hentry"],"_links":{"self":[{"href":"https:\/\/cedite.facet.unt.edu.ar\/index.php?rest_route=\/wp\/v2\/pages\/2386","targetHints":{"allow":["GET"]}}],"collection":[{"href":"https:\/\/cedite.facet.unt.edu.ar\/index.php?rest_route=\/wp\/v2\/pages"}],"about":[{"href":"https:\/\/cedite.facet.unt.edu.ar\/index.php?rest_route=\/wp\/v2\/types\/page"}],"author":[{"embeddable":true,"href":"https:\/\/cedite.facet.unt.edu.ar\/index.php?rest_route=\/wp\/v2\/users\/1"}],"replies":[{"embeddable":true,"href":"https:\/\/cedite.facet.unt.edu.ar\/index.php?rest_route=%2Fwp%2Fv2%2Fcomments&post=2386"}],"version-history":[{"count":22,"href":"https:\/\/cedite.facet.unt.edu.ar\/index.php?rest_route=\/wp\/v2\/pages\/2386\/revisions"}],"predecessor-version":[{"id":2678,"href":"https:\/\/cedite.facet.unt.edu.ar\/index.php?rest_route=\/wp\/v2\/pages\/2386\/revisions\/2678"}],"wp:attachment":[{"href":"https:\/\/cedite.facet.unt.edu.ar\/index.php?rest_route=%2Fwp%2Fv2%2Fmedia&parent=2386"}],"curies":[{"name":"wp","href":"https:\/\/api.w.org\/{rel}","templated":true}]}}