{"id":1871,"date":"2025-04-03T11:07:49","date_gmt":"2025-04-03T14:07:49","guid":{"rendered":"https:\/\/cedite.facet.unt.edu.ar\/?page_id=1871"},"modified":"2025-04-03T11:53:10","modified_gmt":"2025-04-03T14:53:10","slug":"webinarios","status":"publish","type":"page","link":"https:\/\/cedite.facet.unt.edu.ar\/?page_id=1871","title":{"rendered":"Ciclo de Webinarios: Educaci\u00f3n en evoluci\u00f3n: Tecnolog\u00edas que transforman el aprendizaje"},"content":{"rendered":"\t\t<div data-elementor-type=\"wp-page\" data-elementor-id=\"1871\" class=\"elementor elementor-1871\">\n\t\t\t\t\t\t<section class=\"elementor-section elementor-top-section elementor-element elementor-element-6a27793 elementor-section-boxed elementor-section-height-default elementor-section-height-default\" data-id=\"6a27793\" data-element_type=\"section\" data-e-type=\"section\">\n\t\t\t\t\t\t<div class=\"elementor-container elementor-column-gap-default\">\n\t\t\t\t\t<div class=\"elementor-column elementor-col-100 elementor-top-column elementor-element elementor-element-ef31b29\" data-id=\"ef31b29\" data-element_type=\"column\" data-e-type=\"column\">\n\t\t\t<div class=\"elementor-widget-wrap elementor-element-populated\">\n\t\t\t\t\t\t<div class=\"elementor-element elementor-element-4198a75 elementor-widget elementor-widget-text-editor\" data-id=\"4198a75\" data-element_type=\"widget\" data-e-type=\"widget\" data-widget_type=\"text-editor.default\">\n\t\t\t\t<div class=\"elementor-widget-container\">\n\t\t\t\t\t\t\t\t\t<p style=\"text-align: center;\">\n<div class=\"vp-portfolio vp-uid-41012b63 vp-id-1813 \"\n\tdata-vp-layout=\"tiles\" data-vp-content-source=\"images\" data-vp-items-style=\"emerge\" data-vp-items-click-action=\"url\" data-vp-items-gap=\"6\" data-vp-items-gap-vertical=\"\" data-vp-pagination=\"load-more\" data-vp-next-page-url=\"\" data-vp-tiles-type=\"2|1,1|\" >\n\t<div class=\"vp-portfolio__preloader-wrap\">\n\t\t<div class=\"vp-portfolio__preloader\">\n\t\t\t<img decoding=\"async\" loading=\"eager\" src=\"https:\/\/cedite.facet.unt.edu.ar\/wp-content\/plugins\/visual-portfolio\/assets\/images\/logo-dark.svg\" alt=\"Visual Portfolio, Posts &amp; Image Gallery for WordPress\" width=\"20\" height=\"20\" data-skip-lazy>\n\t\t<\/div>\n\t<\/div>\n\t\t<div class=\"vp-portfolio__items-wrap\">\n\t\t\t\n<div class=\"vp-portfolio__items vp-portfolio__items-style-emerge vp-portfolio__items-show-overlay-hover vp-portfolio__items-show-caption-hover\">\n\n\t\t<div\t\tclass=\"vp-portfolio__item-wrap vp-portfolio__item-uid-5eb6bf06\" data-vp-filter=\"\" \t\t>\n\t\t\t\t\t\t\t\t\t<figure class=\"vp-portfolio__item\">\n\t\t\t\t\n<div class=\"vp-portfolio__item-img-wrap\">\n\t<div class=\"vp-portfolio__item-img\">\n\t\t\t<a\n\t\thref=\"https:\/\/cedite.facet.unt.edu.ar\/?p=1891&#038;preview_id=1891\"\n\t\taria-label=\"Webinario - Tendencias cercanas en educaci\u00f3n superior: una mirada para una educaci\u00f3n desafiante\" \t>\n\t\n\t\t<noscript><img fetchpriority=\"high\" decoding=\"async\" width=\"1080\" height=\"1080\" data-skip-lazy src=\"https:\/\/cedite.facet.unt.edu.ar\/wp-content\/uploads\/2025\/04\/design-6.png\" class=\"wp-image-2102\" alt=\"\" srcset=\"https:\/\/cedite.facet.unt.edu.ar\/wp-content\/uploads\/2025\/04\/design-6.png 1080w, https:\/\/cedite.facet.unt.edu.ar\/wp-content\/uploads\/2025\/04\/design-6-300x300.png 300w, https:\/\/cedite.facet.unt.edu.ar\/wp-content\/uploads\/2025\/04\/design-6-1024x1024.png 1024w, https:\/\/cedite.facet.unt.edu.ar\/wp-content\/uploads\/2025\/04\/design-6-150x150.png 150w, https:\/\/cedite.facet.unt.edu.ar\/wp-content\/uploads\/2025\/04\/design-6-768x768.png 768w, https:\/\/cedite.facet.unt.edu.ar\/wp-content\/uploads\/2025\/04\/design-6-500x500.png 500w, https:\/\/cedite.facet.unt.edu.ar\/wp-content\/uploads\/2025\/04\/design-6-800x800.png 800w\" sizes=\"(max-width: 1080px) 100vw, 1080px\" \/><\/noscript><img decoding=\"async\" width=\"1080\" height=\"1080\" src=\"https:\/\/cedite.facet.unt.edu.ar\/wp-content\/uploads\/2025\/04\/design-6.png\" class=\"wp-image-2102 vp-lazyload\" alt srcset=\"data:image\/svg+xml;base64,PHN2ZyB3aWR0aD0iMTA4MCIgaGVpZ2h0PSIxMDgwIiB2aWV3Qm94PSIwIDAgMTA4MCAxMDgwIiBmaWxsPSJub25lIiB4bWxucz0iaHR0cDovL3d3dy53My5vcmcvMjAwMC9zdmciPjwvc3ZnPg==\" data-src=\"https:\/\/cedite.facet.unt.edu.ar\/wp-content\/uploads\/2025\/04\/design-6.png\" data-srcset=\"https:\/\/cedite.facet.unt.edu.ar\/wp-content\/uploads\/2025\/04\/design-6.png 1080w, https:\/\/cedite.facet.unt.edu.ar\/wp-content\/uploads\/2025\/04\/design-6-300x300.png 300w, https:\/\/cedite.facet.unt.edu.ar\/wp-content\/uploads\/2025\/04\/design-6-1024x1024.png 1024w, https:\/\/cedite.facet.unt.edu.ar\/wp-content\/uploads\/2025\/04\/design-6-150x150.png 150w, https:\/\/cedite.facet.unt.edu.ar\/wp-content\/uploads\/2025\/04\/design-6-768x768.png 768w, https:\/\/cedite.facet.unt.edu.ar\/wp-content\/uploads\/2025\/04\/design-6-500x500.png 500w, https:\/\/cedite.facet.unt.edu.ar\/wp-content\/uploads\/2025\/04\/design-6-800x800.png 800w\" data-sizes=\"auto\" loading=\"eager\">\n\t\t<div class=\"vp-portfolio__item-overlay\"><\/div>\n\n\t\t<\/a>\t<\/div>\n<\/div>\n\n\t<figcaption class=\"vp-portfolio__item-caption vp-portfolio__item-caption-text-align-center\">\n\t\t<div class=\"vp-portfolio__item-meta-wrap vp-portfolio__custom-scrollbar\">\n\t\t\t<div class=\"vp-portfolio__item-meta\">\n\t\t\t\t\n<h2 class=\"vp-portfolio__item-meta-title\">\n\t\t<a\n\t\thref=\"https:\/\/cedite.facet.unt.edu.ar\/?p=1891&#038;preview_id=1891\"\n\t\t\t>\n\tWebinario &#8211; Tendencias cercanas en educaci\u00f3n superior: una mirada para una educaci\u00f3n desafiante<\/a><\/h2>\n\t\t\t<\/div>\n\t\t<\/div>\n\t<\/figcaption>\n\t\t\t<\/figure>\n\t\t\t\t\t<\/div>\n\t\t\n\t\t<div\t\tclass=\"vp-portfolio__item-wrap vp-portfolio__item-uid-3cee94da\" data-vp-filter=\"\" \t\t>\n\t\t\t\t\t\t\t\t\t<figure class=\"vp-portfolio__item\">\n\t\t\t\t\n<div class=\"vp-portfolio__item-img-wrap\">\n\t<div class=\"vp-portfolio__item-img\">\n\t\t\t<a\n\t\thref=\"https:\/\/cedite.facet.unt.edu.ar\/?p=1902\"\n\t\taria-label=\"Webinario - Conceptos de IA Generativa en la creaci\u00f3n de materiales educativos en diversos formatos y los planteamientos \u00e9ticos de la IAGen\" \t>\n\t\n\t\t<noscript><img decoding=\"async\" width=\"1080\" height=\"1080\" data-skip-lazy src=\"https:\/\/cedite.facet.unt.edu.ar\/wp-content\/uploads\/2025\/04\/design-15.png\" class=\"wp-image-1827\" alt=\"\" srcset=\"https:\/\/cedite.facet.unt.edu.ar\/wp-content\/uploads\/2025\/04\/design-15.png 1080w, https:\/\/cedite.facet.unt.edu.ar\/wp-content\/uploads\/2025\/04\/design-15-300x300.png 300w, https:\/\/cedite.facet.unt.edu.ar\/wp-content\/uploads\/2025\/04\/design-15-1024x1024.png 1024w, https:\/\/cedite.facet.unt.edu.ar\/wp-content\/uploads\/2025\/04\/design-15-150x150.png 150w, https:\/\/cedite.facet.unt.edu.ar\/wp-content\/uploads\/2025\/04\/design-15-768x768.png 768w, https:\/\/cedite.facet.unt.edu.ar\/wp-content\/uploads\/2025\/04\/design-15-500x500.png 500w, https:\/\/cedite.facet.unt.edu.ar\/wp-content\/uploads\/2025\/04\/design-15-800x800.png 800w\" sizes=\"(max-width: 1080px) 100vw, 1080px\" \/><\/noscript><img decoding=\"async\" width=\"1080\" height=\"1080\" src=\"https:\/\/cedite.facet.unt.edu.ar\/wp-content\/uploads\/2025\/04\/design-15.png\" class=\"wp-image-1827 vp-lazyload\" alt srcset=\"data:image\/svg+xml;base64,PHN2ZyB3aWR0aD0iMTA4MCIgaGVpZ2h0PSIxMDgwIiB2aWV3Qm94PSIwIDAgMTA4MCAxMDgwIiBmaWxsPSJub25lIiB4bWxucz0iaHR0cDovL3d3dy53My5vcmcvMjAwMC9zdmciPjwvc3ZnPg==\" data-src=\"https:\/\/cedite.facet.unt.edu.ar\/wp-content\/uploads\/2025\/04\/design-15.png\" data-srcset=\"https:\/\/cedite.facet.unt.edu.ar\/wp-content\/uploads\/2025\/04\/design-15.png 1080w, https:\/\/cedite.facet.unt.edu.ar\/wp-content\/uploads\/2025\/04\/design-15-300x300.png 300w, https:\/\/cedite.facet.unt.edu.ar\/wp-content\/uploads\/2025\/04\/design-15-1024x1024.png 1024w, https:\/\/cedite.facet.unt.edu.ar\/wp-content\/uploads\/2025\/04\/design-15-150x150.png 150w, https:\/\/cedite.facet.unt.edu.ar\/wp-content\/uploads\/2025\/04\/design-15-768x768.png 768w, https:\/\/cedite.facet.unt.edu.ar\/wp-content\/uploads\/2025\/04\/design-15-500x500.png 500w, https:\/\/cedite.facet.unt.edu.ar\/wp-content\/uploads\/2025\/04\/design-15-800x800.png 800w\" data-sizes=\"auto\" loading=\"eager\">\n\t\t<div class=\"vp-portfolio__item-overlay\"><\/div>\n\n\t\t<\/a>\t<\/div>\n<\/div>\n\n\t<figcaption class=\"vp-portfolio__item-caption vp-portfolio__item-caption-text-align-center\">\n\t\t<div class=\"vp-portfolio__item-meta-wrap vp-portfolio__custom-scrollbar\">\n\t\t\t<div class=\"vp-portfolio__item-meta\">\n\t\t\t\t\n<h2 class=\"vp-portfolio__item-meta-title\">\n\t\t<a\n\t\thref=\"https:\/\/cedite.facet.unt.edu.ar\/?p=1902\"\n\t\t\t>\n\tWebinario &#8211; Conceptos de IA Generativa en la creaci\u00f3n de materiales educativos en diversos formatos y los planteamientos \u00e9ticos de la IAGen<\/a><\/h2>\n\t\t\t<\/div>\n\t\t<\/div>\n\t<\/figcaption>\n\t\t\t<\/figure>\n\t\t\t\t\t<\/div>\n\t\t\n\t\t<div\t\tclass=\"vp-portfolio__item-wrap vp-portfolio__item-uid-722c4be0\" data-vp-filter=\"\" style=\"--vp-images__object-position: 48% 49%;\" \t\t>\n\t\t\t\t\t\t\t\t\t<figure class=\"vp-portfolio__item\">\n\t\t\t\t\n<div class=\"vp-portfolio__item-img-wrap\">\n\t<div class=\"vp-portfolio__item-img\">\n\t\t\t<a\n\t\thref=\"https:\/\/cedite.facet.unt.edu.ar\/?p=1911\"\n\t\taria-label=\"Webinario - Uso de Laboratorios Remotos en la UNED\" \t>\n\t\n\t\t<noscript><img decoding=\"async\" width=\"1080\" height=\"1080\" data-skip-lazy src=\"https:\/\/cedite.facet.unt.edu.ar\/wp-content\/uploads\/2025\/04\/design-24.png\" class=\"wp-image-2162\" alt=\"\" srcset=\"https:\/\/cedite.facet.unt.edu.ar\/wp-content\/uploads\/2025\/04\/design-24.png 1080w, https:\/\/cedite.facet.unt.edu.ar\/wp-content\/uploads\/2025\/04\/design-24-300x300.png 300w, https:\/\/cedite.facet.unt.edu.ar\/wp-content\/uploads\/2025\/04\/design-24-1024x1024.png 1024w, https:\/\/cedite.facet.unt.edu.ar\/wp-content\/uploads\/2025\/04\/design-24-150x150.png 150w, https:\/\/cedite.facet.unt.edu.ar\/wp-content\/uploads\/2025\/04\/design-24-768x768.png 768w, https:\/\/cedite.facet.unt.edu.ar\/wp-content\/uploads\/2025\/04\/design-24-500x500.png 500w, https:\/\/cedite.facet.unt.edu.ar\/wp-content\/uploads\/2025\/04\/design-24-800x800.png 800w\" sizes=\"(max-width: 1080px) 100vw, 1080px\" \/><\/noscript><img decoding=\"async\" width=\"1080\" height=\"1080\" src=\"https:\/\/cedite.facet.unt.edu.ar\/wp-content\/uploads\/2025\/04\/design-24.png\" class=\"wp-image-2162 vp-lazyload\" alt srcset=\"data:image\/svg+xml;base64,PHN2ZyB3aWR0aD0iMTA4MCIgaGVpZ2h0PSIxMDgwIiB2aWV3Qm94PSIwIDAgMTA4MCAxMDgwIiBmaWxsPSJub25lIiB4bWxucz0iaHR0cDovL3d3dy53My5vcmcvMjAwMC9zdmciPjwvc3ZnPg==\" data-src=\"https:\/\/cedite.facet.unt.edu.ar\/wp-content\/uploads\/2025\/04\/design-24.png\" data-srcset=\"https:\/\/cedite.facet.unt.edu.ar\/wp-content\/uploads\/2025\/04\/design-24.png 1080w, https:\/\/cedite.facet.unt.edu.ar\/wp-content\/uploads\/2025\/04\/design-24-300x300.png 300w, https:\/\/cedite.facet.unt.edu.ar\/wp-content\/uploads\/2025\/04\/design-24-1024x1024.png 1024w, https:\/\/cedite.facet.unt.edu.ar\/wp-content\/uploads\/2025\/04\/design-24-150x150.png 150w, https:\/\/cedite.facet.unt.edu.ar\/wp-content\/uploads\/2025\/04\/design-24-768x768.png 768w, https:\/\/cedite.facet.unt.edu.ar\/wp-content\/uploads\/2025\/04\/design-24-500x500.png 500w, https:\/\/cedite.facet.unt.edu.ar\/wp-content\/uploads\/2025\/04\/design-24-800x800.png 800w\" data-sizes=\"auto\" loading=\"eager\">\n\t\t<div class=\"vp-portfolio__item-overlay\"><\/div>\n\n\t\t<\/a>\t<\/div>\n<\/div>\n\n\t<figcaption class=\"vp-portfolio__item-caption vp-portfolio__item-caption-text-align-center\">\n\t\t<div class=\"vp-portfolio__item-meta-wrap vp-portfolio__custom-scrollbar\">\n\t\t\t<div class=\"vp-portfolio__item-meta\">\n\t\t\t\t\n<h2 class=\"vp-portfolio__item-meta-title\">\n\t\t<a\n\t\thref=\"https:\/\/cedite.facet.unt.edu.ar\/?p=1911\"\n\t\t\t>\n\tWebinario &#8211; Uso de Laboratorios Remotos en la UNED<\/a><\/h2>\n\t\t\t<\/div>\n\t\t<\/div>\n\t<\/figcaption>\n\t\t\t<\/figure>\n\t\t\t\t\t<\/div>\n\t\t\n\t\t<div\t\tclass=\"vp-portfolio__item-wrap vp-portfolio__item-uid-bc26971d\" data-vp-filter=\"\" \t\t>\n\t\t\t\t\t\t\t\t\t<figure class=\"vp-portfolio__item\">\n\t\t\t\t\n<div class=\"vp-portfolio__item-img-wrap\">\n\t<div class=\"vp-portfolio__item-img\">\n\t\t\t<a\n\t\thref=\"https:\/\/cedite.facet.unt.edu.ar\/?p=1917\"\n\t\taria-label=\"Webinario - El trabajo colaborativo digital y su seguimiento: pistas para enriquecer la tarea docente\" \t>\n\t\n\t\t<noscript><img loading=\"lazy\" decoding=\"async\" width=\"1080\" height=\"1080\" data-skip-lazy src=\"https:\/\/cedite.facet.unt.edu.ar\/wp-content\/uploads\/2025\/04\/design-16-1.png\" class=\"wp-image-1860\" alt=\"\" srcset=\"https:\/\/cedite.facet.unt.edu.ar\/wp-content\/uploads\/2025\/04\/design-16-1.png 1080w, https:\/\/cedite.facet.unt.edu.ar\/wp-content\/uploads\/2025\/04\/design-16-1-300x300.png 300w, https:\/\/cedite.facet.unt.edu.ar\/wp-content\/uploads\/2025\/04\/design-16-1-1024x1024.png 1024w, https:\/\/cedite.facet.unt.edu.ar\/wp-content\/uploads\/2025\/04\/design-16-1-150x150.png 150w, https:\/\/cedite.facet.unt.edu.ar\/wp-content\/uploads\/2025\/04\/design-16-1-768x768.png 768w, https:\/\/cedite.facet.unt.edu.ar\/wp-content\/uploads\/2025\/04\/design-16-1-500x500.png 500w, https:\/\/cedite.facet.unt.edu.ar\/wp-content\/uploads\/2025\/04\/design-16-1-800x800.png 800w\" sizes=\"(max-width: 1080px) 100vw, 1080px\" \/><\/noscript><img decoding=\"async\" width=\"1080\" height=\"1080\" src=\"https:\/\/cedite.facet.unt.edu.ar\/wp-content\/uploads\/2025\/04\/design-16-1.png\" class=\"wp-image-1860 vp-lazyload\" alt srcset=\"data:image\/svg+xml;base64,PHN2ZyB3aWR0aD0iMTA4MCIgaGVpZ2h0PSIxMDgwIiB2aWV3Qm94PSIwIDAgMTA4MCAxMDgwIiBmaWxsPSJub25lIiB4bWxucz0iaHR0cDovL3d3dy53My5vcmcvMjAwMC9zdmciPjwvc3ZnPg==\" data-src=\"https:\/\/cedite.facet.unt.edu.ar\/wp-content\/uploads\/2025\/04\/design-16-1.png\" data-srcset=\"https:\/\/cedite.facet.unt.edu.ar\/wp-content\/uploads\/2025\/04\/design-16-1.png 1080w, https:\/\/cedite.facet.unt.edu.ar\/wp-content\/uploads\/2025\/04\/design-16-1-300x300.png 300w, https:\/\/cedite.facet.unt.edu.ar\/wp-content\/uploads\/2025\/04\/design-16-1-1024x1024.png 1024w, https:\/\/cedite.facet.unt.edu.ar\/wp-content\/uploads\/2025\/04\/design-16-1-150x150.png 150w, https:\/\/cedite.facet.unt.edu.ar\/wp-content\/uploads\/2025\/04\/design-16-1-768x768.png 768w, https:\/\/cedite.facet.unt.edu.ar\/wp-content\/uploads\/2025\/04\/design-16-1-500x500.png 500w, https:\/\/cedite.facet.unt.edu.ar\/wp-content\/uploads\/2025\/04\/design-16-1-800x800.png 800w\" data-sizes=\"auto\" loading=\"eager\">\n\t\t<div class=\"vp-portfolio__item-overlay\"><\/div>\n\n\t\t<\/a>\t<\/div>\n<\/div>\n\n\t<figcaption class=\"vp-portfolio__item-caption vp-portfolio__item-caption-text-align-center\">\n\t\t<div class=\"vp-portfolio__item-meta-wrap vp-portfolio__custom-scrollbar\">\n\t\t\t<div class=\"vp-portfolio__item-meta\">\n\t\t\t\t\n<h2 class=\"vp-portfolio__item-meta-title\">\n\t\t<a\n\t\thref=\"https:\/\/cedite.facet.unt.edu.ar\/?p=1917\"\n\t\t\t>\n\tWebinario &#8211; El trabajo colaborativo digital y su seguimiento: pistas para enriquecer la tarea docente<\/a><\/h2>\n\t\t\t<\/div>\n\t\t<\/div>\n\t<\/figcaption>\n\t\t\t<\/figure>\n\t\t\t\t\t<\/div>\n\t\t\n<\/div>\n\t\t<\/div>\n\t\t\t\t<div class=\"vp-portfolio__layout-elements vp-portfolio__layout-elements-bottom vp-portfolio__layout-elements-align-center\">\n\t\t\t\t<div class=\"vp-portfolio__pagination-wrap\">\n\t\t\t\t<\/div>\n\t\t\t\t<\/div>\n\t\t\n<\/div>\n<\/p>\t\t\t\t\t\t\t\t<\/div>\n\t\t\t\t<\/div>\n\t\t\t\t\t<\/div>\n\t\t<\/div>\n\t\t\t\t\t<\/div>\n\t\t<\/section>\n\t\t\t\t<\/div>\n\t\t","protected":false},"excerpt":{"rendered":"","protected":false},"author":1,"featured_media":1862,"parent":0,"menu_order":0,"comment_status":"closed","ping_status":"closed","template":"","meta":{"_vp_format_video_url":"","_vp_image_focal_point":{"x":0.5,"y":0.5},"footnotes":""},"class_list":["post-1871","page","type-page","status-publish","has-post-thumbnail","hentry"],"_links":{"self":[{"href":"https:\/\/cedite.facet.unt.edu.ar\/index.php?rest_route=\/wp\/v2\/pages\/1871","targetHints":{"allow":["GET"]}}],"collection":[{"href":"https:\/\/cedite.facet.unt.edu.ar\/index.php?rest_route=\/wp\/v2\/pages"}],"about":[{"href":"https:\/\/cedite.facet.unt.edu.ar\/index.php?rest_route=\/wp\/v2\/types\/page"}],"author":[{"embeddable":true,"href":"https:\/\/cedite.facet.unt.edu.ar\/index.php?rest_route=\/wp\/v2\/users\/1"}],"replies":[{"embeddable":true,"href":"https:\/\/cedite.facet.unt.edu.ar\/index.php?rest_route=%2Fwp%2Fv2%2Fcomments&post=1871"}],"version-history":[{"count":7,"href":"https:\/\/cedite.facet.unt.edu.ar\/index.php?rest_route=\/wp\/v2\/pages\/1871\/revisions"}],"predecessor-version":[{"id":1890,"href":"https:\/\/cedite.facet.unt.edu.ar\/index.php?rest_route=\/wp\/v2\/pages\/1871\/revisions\/1890"}],"wp:featuredmedia":[{"embeddable":true,"href":"https:\/\/cedite.facet.unt.edu.ar\/index.php?rest_route=\/wp\/v2\/media\/1862"}],"wp:attachment":[{"href":"https:\/\/cedite.facet.unt.edu.ar\/index.php?rest_route=%2Fwp%2Fv2%2Fmedia&parent=1871"}],"curies":[{"name":"wp","href":"https:\/\/api.w.org\/{rel}","templated":true}]}}