{"id":1040,"date":"2023-08-12T10:40:14","date_gmt":"2023-08-12T13:40:14","guid":{"rendered":"https:\/\/cedite.facet.unt.edu.ar\/?page_id=1040"},"modified":"2023-08-16T15:33:30","modified_gmt":"2023-08-16T18:33:30","slug":"capacitaciones","status":"publish","type":"page","link":"https:\/\/cedite.facet.unt.edu.ar\/?page_id=1040","title":{"rendered":"Capacitaciones"},"content":{"rendered":"\t\t<div data-elementor-type=\"wp-page\" data-elementor-id=\"1040\" class=\"elementor elementor-1040\">\n\t\t\t\t\t\t<section class=\"elementor-section elementor-top-section elementor-element elementor-element-b7c4525 elementor-section-boxed elementor-section-height-default elementor-section-height-default\" data-id=\"b7c4525\" data-element_type=\"section\" data-e-type=\"section\">\n\t\t\t\t\t\t<div class=\"elementor-container elementor-column-gap-default\">\n\t\t\t\t\t<div class=\"elementor-column elementor-col-100 elementor-top-column elementor-element elementor-element-5e68a86\" data-id=\"5e68a86\" data-element_type=\"column\" data-e-type=\"column\">\n\t\t\t<div class=\"elementor-widget-wrap elementor-element-populated\">\n\t\t\t\t\t\t<div class=\"elementor-element elementor-element-e64bb3d elementor-widget elementor-widget-text-editor\" data-id=\"e64bb3d\" data-element_type=\"widget\" data-e-type=\"widget\" data-widget_type=\"text-editor.default\">\n\t\t\t\t<div class=\"elementor-widget-container\">\n\t\t\t\t\t\t\t\t\t<p>\u00a0<\/p><p>Todas las propuestas formativas est\u00e1n enmarcadas en el \u201cPlan Estrat\u00e9gico para la inserci\u00f3n de TIC en procesos educativos y la implementaci\u00f3n de la educaci\u00f3n a distancia en la FACET\u201d, y proporcionan los elementos tanto tecnol\u00f3gicos como pedag\u00f3gicos para complementar el dictado presencial y\/o llevar adelante propuestas semipresenciales o a distancia atendiendo a las caracter\u00edsticas propias de la modalidad y los est\u00e1ndares de calidad.<\/p>\t\t\t\t\t\t\t\t<\/div>\n\t\t\t\t<\/div>\n\t\t\t\t\t<\/div>\n\t\t<\/div>\n\t\t\t\t\t<\/div>\n\t\t<\/section>\n\t\t\t\t<section class=\"elementor-section elementor-top-section elementor-element elementor-element-38bf9a1 elementor-section-boxed elementor-section-height-default elementor-section-height-default\" data-id=\"38bf9a1\" data-element_type=\"section\" data-e-type=\"section\">\n\t\t\t\t\t\t<div class=\"elementor-container elementor-column-gap-default\">\n\t\t\t\t\t<div class=\"elementor-column elementor-col-100 elementor-top-column elementor-element elementor-element-c291efb\" data-id=\"c291efb\" data-element_type=\"column\" data-e-type=\"column\">\n\t\t\t<div class=\"elementor-widget-wrap elementor-element-populated\">\n\t\t\t\t\t\t<div class=\"elementor-element elementor-element-c62cbd3 elementor-widget elementor-widget-toggle\" data-id=\"c62cbd3\" data-element_type=\"widget\" data-e-type=\"widget\" data-widget_type=\"toggle.default\">\n\t\t\t\t<div class=\"elementor-widget-container\">\n\t\t\t\t\t\t\t<div class=\"elementor-toggle\">\n\t\t\t\t\t\t\t<div class=\"elementor-toggle-item\">\n\t\t\t\t\t<div id=\"elementor-tab-title-2071\" class=\"elementor-tab-title\" data-tab=\"1\" role=\"button\" aria-controls=\"elementor-tab-content-2071\" aria-expanded=\"false\">\n\t\t\t\t\t\t\t\t\t\t\t\t<span class=\"elementor-toggle-icon elementor-toggle-icon-left\" aria-hidden=\"true\">\n\t\t\t\t\t\t\t\t\t\t\t\t\t\t\t<span class=\"elementor-toggle-icon-closed\"><i class=\"fas fa-caret-right\"><\/i><\/span>\n\t\t\t\t\t\t\t\t<span class=\"elementor-toggle-icon-opened\"><i class=\"elementor-toggle-icon-opened fas fa-caret-up\"><\/i><\/span>\n\t\t\t\t\t\t\t\t\t\t\t\t\t<\/span>\n\t\t\t\t\t\t\t\t\t\t\t\t<a class=\"elementor-toggle-title\" tabindex=\"0\">Curso de Posgrado \u201cHerramientas Avanzadas para Aulas Virtuales\u201d<\/a>\n\t\t\t\t\t<\/div>\n\n\t\t\t\t\t<div id=\"elementor-tab-content-2071\" class=\"elementor-tab-content elementor-clearfix\" data-tab=\"1\" role=\"region\" aria-labelledby=\"elementor-tab-title-2071\"><p><strong><img fetchpriority=\"high\" decoding=\"async\" class=\"alignright wp-image-1075 size-medium\" src=\"https:\/\/cedite.facet.unt.edu.ar\/wp-content\/uploads\/2023\/08\/Afiche-Curso-HAAV-2022-1_page-0001-1-212x300.jpg\" alt=\"\" width=\"212\" height=\"300\" srcset=\"https:\/\/cedite.facet.unt.edu.ar\/wp-content\/uploads\/2023\/08\/Afiche-Curso-HAAV-2022-1_page-0001-1-212x300.jpg 212w, https:\/\/cedite.facet.unt.edu.ar\/wp-content\/uploads\/2023\/08\/Afiche-Curso-HAAV-2022-1_page-0001-1-724x1024.jpg 724w, https:\/\/cedite.facet.unt.edu.ar\/wp-content\/uploads\/2023\/08\/Afiche-Curso-HAAV-2022-1_page-0001-1-768x1086.jpg 768w, https:\/\/cedite.facet.unt.edu.ar\/wp-content\/uploads\/2023\/08\/Afiche-Curso-HAAV-2022-1_page-0001-1-1086x1536.jpg 1086w, https:\/\/cedite.facet.unt.edu.ar\/wp-content\/uploads\/2023\/08\/Afiche-Curso-HAAV-2022-1_page-0001-1-1448x2048.jpg 1448w, https:\/\/cedite.facet.unt.edu.ar\/wp-content\/uploads\/2023\/08\/Afiche-Curso-HAAV-2022-1_page-0001-1-500x707.jpg 500w, https:\/\/cedite.facet.unt.edu.ar\/wp-content\/uploads\/2023\/08\/Afiche-Curso-HAAV-2022-1_page-0001-1-800x1132.jpg 800w, https:\/\/cedite.facet.unt.edu.ar\/wp-content\/uploads\/2023\/08\/Afiche-Curso-HAAV-2022-1_page-0001-1-1280x1811.jpg 1280w, https:\/\/cedite.facet.unt.edu.ar\/wp-content\/uploads\/2023\/08\/Afiche-Curso-HAAV-2022-1_page-0001-1-1920x2716.jpg 1920w, https:\/\/cedite.facet.unt.edu.ar\/wp-content\/uploads\/2023\/08\/Afiche-Curso-HAAV-2022-1_page-0001-1-scaled.jpg 1810w\" sizes=\"(max-width: 212px) 100vw, 212px\" \/>Autores y Docentes:<\/strong><\/p><p>Esp. L\u00eda Torres Auad &#8211; Mg. Nicol\u00e1s Auvieux<\/p><p>Organizado por el CEDITE (Centro de Educaci\u00f3n a Distancia e Investigaci\u00f3n en Tecnolog\u00edas Educativas), durante los meses de Octubre y Noviembre de 2022. <strong>Resoluci\u00f3n N\u00ba 1445\/2022<\/strong><\/p><p><strong>Tem\u00e1tica:\u00a0<\/strong><\/p><p>Grupos y Agrupamientos;\u00a0Restricciones de acceso;\u00a0Evaluaciones y R\u00fabricas;\u00a0 Coevaluaci\u00f3n;\u00a0H5P;\u00a0Calificador;\u00a0Seguimientos de estudiantes<\/p><\/div>\n\t\t\t\t<\/div>\n\t\t\t\t\t\t\t<div class=\"elementor-toggle-item\">\n\t\t\t\t\t<div id=\"elementor-tab-title-2072\" class=\"elementor-tab-title\" data-tab=\"2\" role=\"button\" aria-controls=\"elementor-tab-content-2072\" aria-expanded=\"false\">\n\t\t\t\t\t\t\t\t\t\t\t\t<span class=\"elementor-toggle-icon elementor-toggle-icon-left\" aria-hidden=\"true\">\n\t\t\t\t\t\t\t\t\t\t\t\t\t\t\t<span class=\"elementor-toggle-icon-closed\"><i class=\"fas fa-caret-right\"><\/i><\/span>\n\t\t\t\t\t\t\t\t<span class=\"elementor-toggle-icon-opened\"><i class=\"elementor-toggle-icon-opened fas fa-caret-up\"><\/i><\/span>\n\t\t\t\t\t\t\t\t\t\t\t\t\t<\/span>\n\t\t\t\t\t\t\t\t\t\t\t\t<a class=\"elementor-toggle-title\" tabindex=\"0\">Curso de Posgrado \u201cHerramientas para la Gesti\u00f3n de Aulas Virtuales\u201d<\/a>\n\t\t\t\t\t<\/div>\n\n\t\t\t\t\t<div id=\"elementor-tab-content-2072\" class=\"elementor-tab-content elementor-clearfix\" data-tab=\"2\" role=\"region\" aria-labelledby=\"elementor-tab-title-2072\"><p><strong><img decoding=\"async\" class=\"alignright wp-image-1067 size-medium\" src=\"https:\/\/cedite.facet.unt.edu.ar\/wp-content\/uploads\/2023\/08\/WhatsApp-Image-2023-08-11-at-11.30.04-203x300.jpeg\" alt=\"\" width=\"203\" height=\"300\" srcset=\"https:\/\/cedite.facet.unt.edu.ar\/wp-content\/uploads\/2023\/08\/WhatsApp-Image-2023-08-11-at-11.30.04-203x300.jpeg 203w, https:\/\/cedite.facet.unt.edu.ar\/wp-content\/uploads\/2023\/08\/WhatsApp-Image-2023-08-11-at-11.30.04-693x1024.jpeg 693w, https:\/\/cedite.facet.unt.edu.ar\/wp-content\/uploads\/2023\/08\/WhatsApp-Image-2023-08-11-at-11.30.04-768x1135.jpeg 768w, https:\/\/cedite.facet.unt.edu.ar\/wp-content\/uploads\/2023\/08\/WhatsApp-Image-2023-08-11-at-11.30.04-500x739.jpeg 500w, https:\/\/cedite.facet.unt.edu.ar\/wp-content\/uploads\/2023\/08\/WhatsApp-Image-2023-08-11-at-11.30.04-800x1182.jpeg 800w, https:\/\/cedite.facet.unt.edu.ar\/wp-content\/uploads\/2023\/08\/WhatsApp-Image-2023-08-11-at-11.30.04.jpeg 866w\" sizes=\"(max-width: 203px) 100vw, 203px\" \/><br \/><img decoding=\"async\" class=\"alignright wp-image-1063 size-medium\" src=\"https:\/\/cedite.facet.unt.edu.ar\/wp-content\/uploads\/2023\/08\/WhatsApp-Image-2023-08-11-at-11.30.01-203x300.jpeg\" alt=\"\" width=\"203\" height=\"300\" srcset=\"https:\/\/cedite.facet.unt.edu.ar\/wp-content\/uploads\/2023\/08\/WhatsApp-Image-2023-08-11-at-11.30.01-203x300.jpeg 203w, https:\/\/cedite.facet.unt.edu.ar\/wp-content\/uploads\/2023\/08\/WhatsApp-Image-2023-08-11-at-11.30.01-693x1024.jpeg 693w, https:\/\/cedite.facet.unt.edu.ar\/wp-content\/uploads\/2023\/08\/WhatsApp-Image-2023-08-11-at-11.30.01-768x1135.jpeg 768w, https:\/\/cedite.facet.unt.edu.ar\/wp-content\/uploads\/2023\/08\/WhatsApp-Image-2023-08-11-at-11.30.01-500x739.jpeg 500w, https:\/\/cedite.facet.unt.edu.ar\/wp-content\/uploads\/2023\/08\/WhatsApp-Image-2023-08-11-at-11.30.01-800x1182.jpeg 800w, https:\/\/cedite.facet.unt.edu.ar\/wp-content\/uploads\/2023\/08\/WhatsApp-Image-2023-08-11-at-11.30.01.jpeg 866w\" sizes=\"(max-width: 203px) 100vw, 203px\" \/><br \/>Autores y docentes:<\/strong><\/p><p>Esp. L\u00eda Torres Auad &#8211; Mg. Nicol\u00e1s Auvieux<\/p><p>Tem\u00e1tica:<\/p><p>Matriculaci\u00f3n de estudiantes; Subida de materiales; Creaci\u00f3n y administraci\u00f3n de Foros; Seguimiento de estudiantes; Realizaci\u00f3n de Encuestas y Consultas; Gesti\u00f3n de Evaluaciones y Cuestionarios; Banco de Preguntas.<\/p><p><strong>Cohortes dictadas:<\/strong><\/p><ul><li>Mayo &#8211; Junio de 2023. <strong>Res.<\/strong> <strong>389\/2023<\/strong><\/li><li>Abril &#8211; Mayo de 2022. <strong>Res.<\/strong> <strong>226\/2022<\/strong><\/li><\/ul><p>Fac. de Cs. Exactas y Tecnolog\u00eda (UNT)<\/p><ul><li>Abril &#8211; Mayo de 2021. <strong>Res.<\/strong> <strong>252\/2021<\/strong>.<\/li><\/ul><p>Facultad de Filosof\u00eda y Letras (UNT). Facultad de Cs. Exactas y Tecnolog\u00eda (UNT)<\/p><ul><li>Marzo &#8211; Abril de 2021. <strong>Res.<\/strong> <strong>422\/2020<\/strong>.<\/li><\/ul><p>Facultad de Filosof\u00eda y Letras (UNT). Escuela T\u00e9cnica Vial \u201cGral.M.B.\u201d (UNT) y Colegio Salesiano Belgrano (2\u00ba cohorte)<\/p><ul><li>Noviembre &#8211; Diciembre de 2020. <strong>Res.<\/strong> <strong>422\/2020<\/strong><\/li><\/ul><p>Fac. de Odontolog\u00eda (UNT). Colegio Salesiano Belgrano (1\u00ba cohorte)<\/p><ul><li>Septiembre &#8211; Octubre de 2020. <strong>Res.<\/strong> <strong>422\/2020<\/strong><\/li><\/ul><p>Instituto T\u00e9cnico &#8211; UNT<\/p><ul><li>Marzo &#8211; Junio de 2019. <strong>Res.<\/strong> <strong>643\/2019<\/strong>.<\/li><\/ul><p>Instituto T\u00e9cnico de Aguilares \u2013 UNT<\/p><\/div>\n\t\t\t\t<\/div>\n\t\t\t\t\t\t\t<div class=\"elementor-toggle-item\">\n\t\t\t\t\t<div id=\"elementor-tab-title-2073\" class=\"elementor-tab-title\" data-tab=\"3\" role=\"button\" aria-controls=\"elementor-tab-content-2073\" aria-expanded=\"false\">\n\t\t\t\t\t\t\t\t\t\t\t\t<span class=\"elementor-toggle-icon elementor-toggle-icon-left\" aria-hidden=\"true\">\n\t\t\t\t\t\t\t\t\t\t\t\t\t\t\t<span class=\"elementor-toggle-icon-closed\"><i class=\"fas fa-caret-right\"><\/i><\/span>\n\t\t\t\t\t\t\t\t<span class=\"elementor-toggle-icon-opened\"><i class=\"elementor-toggle-icon-opened fas fa-caret-up\"><\/i><\/span>\n\t\t\t\t\t\t\t\t\t\t\t\t\t<\/span>\n\t\t\t\t\t\t\t\t\t\t\t\t<a class=\"elementor-toggle-title\" tabindex=\"0\">Curso de Posgrado: \u201cContenidos y Materiales para la virtualidad\u201d en el marco de la Diplomatura: \u201cEstrategias y recursos para ense\u00f1ar y aprender en la virtualidad\u201d.<\/a>\n\t\t\t\t\t<\/div>\n\n\t\t\t\t\t<div id=\"elementor-tab-content-2073\" class=\"elementor-tab-content elementor-clearfix\" data-tab=\"3\" role=\"region\" aria-labelledby=\"elementor-tab-title-2073\"><p><img loading=\"lazy\" decoding=\"async\" class=\"size-full wp-image-1285 alignright\" src=\"https:\/\/cedite.facet.unt.edu.ar\/wp-content\/uploads\/2023\/08\/WhatsApp-Image-2023-08-16-at-15.25.28.jpeg\" alt=\"\" width=\"225\" height=\"225\" srcset=\"https:\/\/cedite.facet.unt.edu.ar\/wp-content\/uploads\/2023\/08\/WhatsApp-Image-2023-08-16-at-15.25.28.jpeg 225w, https:\/\/cedite.facet.unt.edu.ar\/wp-content\/uploads\/2023\/08\/WhatsApp-Image-2023-08-16-at-15.25.28-150x150.jpeg 150w\" sizes=\"(max-width: 225px) 100vw, 225px\" \/><\/p><p><strong>Autores y Docentes:<\/strong><br \/>Esp. L\u00eda Torres Auad \u2013 Mg. Nicol\u00e1s Auvieux<\/p><p>Organizado por la Secretar\u00eda Acad\u00e9mica de la UNT y el \u00e1rea Pedag\u00f3gica del SIED, de la Universidad Nacional de Tucum\u00e1n. <strong>Res. Rectoral 0085\/2021<\/strong>. <br \/>Actualmente se est\u00e1 dictando la Tercera cohorte.<\/p><p>\u00a0<\/p><\/div>\n\t\t\t\t<\/div>\n\t\t\t\t\t\t\t<div class=\"elementor-toggle-item\">\n\t\t\t\t\t<div id=\"elementor-tab-title-2074\" class=\"elementor-tab-title\" data-tab=\"4\" role=\"button\" aria-controls=\"elementor-tab-content-2074\" aria-expanded=\"false\">\n\t\t\t\t\t\t\t\t\t\t\t\t<span class=\"elementor-toggle-icon elementor-toggle-icon-left\" aria-hidden=\"true\">\n\t\t\t\t\t\t\t\t\t\t\t\t\t\t\t<span class=\"elementor-toggle-icon-closed\"><i class=\"fas fa-caret-right\"><\/i><\/span>\n\t\t\t\t\t\t\t\t<span class=\"elementor-toggle-icon-opened\"><i class=\"elementor-toggle-icon-opened fas fa-caret-up\"><\/i><\/span>\n\t\t\t\t\t\t\t\t\t\t\t\t\t<\/span>\n\t\t\t\t\t\t\t\t\t\t\t\t<a class=\"elementor-toggle-title\" tabindex=\"0\">Trayecto Curricular de Posgrado \u201cDiplomatura en Procesos de Comunicaci\u00f3n Mediados por Tecnolog\u00edas\u201d<\/a>\n\t\t\t\t\t<\/div>\n\n\t\t\t\t\t<div id=\"elementor-tab-content-2074\" class=\"elementor-tab-content elementor-clearfix\" data-tab=\"4\" role=\"region\" aria-labelledby=\"elementor-tab-title-2074\"><p><strong><img loading=\"lazy\" decoding=\"async\" class=\"alignright wp-image-1049 size-medium\" src=\"https:\/\/cedite.facet.unt.edu.ar\/wp-content\/uploads\/2023\/08\/WhatsApp-Image-2023-08-11-at-11.19.50-204x300.jpeg\" alt=\"\" width=\"204\" height=\"300\" srcset=\"https:\/\/cedite.facet.unt.edu.ar\/wp-content\/uploads\/2023\/08\/WhatsApp-Image-2023-08-11-at-11.19.50-204x300.jpeg 204w, https:\/\/cedite.facet.unt.edu.ar\/wp-content\/uploads\/2023\/08\/WhatsApp-Image-2023-08-11-at-11.19.50-695x1024.jpeg 695w, https:\/\/cedite.facet.unt.edu.ar\/wp-content\/uploads\/2023\/08\/WhatsApp-Image-2023-08-11-at-11.19.50-768x1131.jpeg 768w, https:\/\/cedite.facet.unt.edu.ar\/wp-content\/uploads\/2023\/08\/WhatsApp-Image-2023-08-11-at-11.19.50-500x736.jpeg 500w, https:\/\/cedite.facet.unt.edu.ar\/wp-content\/uploads\/2023\/08\/WhatsApp-Image-2023-08-11-at-11.19.50-800x1178.jpeg 800w, https:\/\/cedite.facet.unt.edu.ar\/wp-content\/uploads\/2023\/08\/WhatsApp-Image-2023-08-11-at-11.19.50.jpeg 869w\" sizes=\"(max-width: 204px) 100vw, 204px\" \/><\/strong><\/p><p><strong>Cursos:<\/strong><\/p><p>1.- Gesti\u00f3n de contenidos para la comunicaci\u00f3n, de (40 horas)<\/p><p>2.- Redes Sociales y Comunidades Virtuales, (60 horas)<\/p><p>3.- Producci\u00f3n de contenidos multimedia para la comunicaci\u00f3n (60 hs)<\/p><p><strong>Autores y docentes:<\/strong><\/p><p>Esp. L\u00eda Torres Auad &#8211; Lic. Nicol\u00e1s Auvieux<\/p><p><strong>Resoluci\u00f3n N\u00ba 0642\/19.<\/strong><\/p><\/div>\n\t\t\t\t<\/div>\n\t\t\t\t\t\t\t<div class=\"elementor-toggle-item\">\n\t\t\t\t\t<div id=\"elementor-tab-title-2075\" class=\"elementor-tab-title\" data-tab=\"5\" role=\"button\" aria-controls=\"elementor-tab-content-2075\" aria-expanded=\"false\">\n\t\t\t\t\t\t\t\t\t\t\t\t<span class=\"elementor-toggle-icon elementor-toggle-icon-left\" aria-hidden=\"true\">\n\t\t\t\t\t\t\t\t\t\t\t\t\t\t\t<span class=\"elementor-toggle-icon-closed\"><i class=\"fas fa-caret-right\"><\/i><\/span>\n\t\t\t\t\t\t\t\t<span class=\"elementor-toggle-icon-opened\"><i class=\"elementor-toggle-icon-opened fas fa-caret-up\"><\/i><\/span>\n\t\t\t\t\t\t\t\t\t\t\t\t\t<\/span>\n\t\t\t\t\t\t\t\t\t\t\t\t<a class=\"elementor-toggle-title\" tabindex=\"0\">Curso-Taller de posgrado \u201cHerramientas Multimedia para la pr\u00e1ctica docente\u201d<\/a>\n\t\t\t\t\t<\/div>\n\n\t\t\t\t\t<div id=\"elementor-tab-content-2075\" class=\"elementor-tab-content elementor-clearfix\" data-tab=\"5\" role=\"region\" aria-labelledby=\"elementor-tab-title-2075\"><p><strong><img loading=\"lazy\" decoding=\"async\" class=\"alignright wp-image-1059 size-medium\" src=\"https:\/\/cedite.facet.unt.edu.ar\/wp-content\/uploads\/2023\/08\/WhatsApp-Image-2023-08-11-at-11.20.06-203x300.jpeg\" alt=\"\" width=\"203\" height=\"300\" srcset=\"https:\/\/cedite.facet.unt.edu.ar\/wp-content\/uploads\/2023\/08\/WhatsApp-Image-2023-08-11-at-11.20.06-203x300.jpeg 203w, https:\/\/cedite.facet.unt.edu.ar\/wp-content\/uploads\/2023\/08\/WhatsApp-Image-2023-08-11-at-11.20.06-693x1024.jpeg 693w, https:\/\/cedite.facet.unt.edu.ar\/wp-content\/uploads\/2023\/08\/WhatsApp-Image-2023-08-11-at-11.20.06-768x1135.jpeg 768w, https:\/\/cedite.facet.unt.edu.ar\/wp-content\/uploads\/2023\/08\/WhatsApp-Image-2023-08-11-at-11.20.06-500x739.jpeg 500w, https:\/\/cedite.facet.unt.edu.ar\/wp-content\/uploads\/2023\/08\/WhatsApp-Image-2023-08-11-at-11.20.06-800x1182.jpeg 800w, https:\/\/cedite.facet.unt.edu.ar\/wp-content\/uploads\/2023\/08\/WhatsApp-Image-2023-08-11-at-11.20.06.jpeg 866w\" sizes=\"(max-width: 203px) 100vw, 203px\" \/>Autores y docentes: <\/strong><\/p><p>Esp. L\u00eda Torres Auad<\/p><p>Ing. Mar\u00eda Fernanda Guzm\u00e1n<\/p><p><strong> Colaboraci\u00f3n:<\/strong>\u00a0Lic. Nicol\u00e1s Auvieux<\/p><p><strong>Fecha:<\/strong> 15\/05\/2019 al 03\/08\/2019.\u00a0<\/p><p><strong>Resoluci\u00f3n N\u00b0 0577\/18.<\/strong>\u00a0<\/p><\/div>\n\t\t\t\t<\/div>\n\t\t\t\t\t\t\t<div class=\"elementor-toggle-item\">\n\t\t\t\t\t<div id=\"elementor-tab-title-2076\" class=\"elementor-tab-title\" data-tab=\"6\" role=\"button\" aria-controls=\"elementor-tab-content-2076\" aria-expanded=\"false\">\n\t\t\t\t\t\t\t\t\t\t\t\t<span class=\"elementor-toggle-icon elementor-toggle-icon-left\" aria-hidden=\"true\">\n\t\t\t\t\t\t\t\t\t\t\t\t\t\t\t<span class=\"elementor-toggle-icon-closed\"><i class=\"fas fa-caret-right\"><\/i><\/span>\n\t\t\t\t\t\t\t\t<span class=\"elementor-toggle-icon-opened\"><i class=\"elementor-toggle-icon-opened fas fa-caret-up\"><\/i><\/span>\n\t\t\t\t\t\t\t\t\t\t\t\t\t<\/span>\n\t\t\t\t\t\t\t\t\t\t\t\t<a class=\"elementor-toggle-title\" tabindex=\"0\">Curso \u201cUso de Aulas Virtuales para Estudiantes\u201d<\/a>\n\t\t\t\t\t<\/div>\n\n\t\t\t\t\t<div id=\"elementor-tab-content-2076\" class=\"elementor-tab-content elementor-clearfix\" data-tab=\"6\" role=\"region\" aria-labelledby=\"elementor-tab-title-2076\"><p><strong><img loading=\"lazy\" decoding=\"async\" class=\"alignright wp-image-1079 size-medium\" src=\"https:\/\/cedite.facet.unt.edu.ar\/wp-content\/uploads\/2023\/08\/WhatsApp-Image-2023-08-11-at-11.48.37-1-300x145.jpeg\" alt=\"\" width=\"300\" height=\"145\" srcset=\"https:\/\/cedite.facet.unt.edu.ar\/wp-content\/uploads\/2023\/08\/WhatsApp-Image-2023-08-11-at-11.48.37-1-300x145.jpeg 300w, https:\/\/cedite.facet.unt.edu.ar\/wp-content\/uploads\/2023\/08\/WhatsApp-Image-2023-08-11-at-11.48.37-1-500x241.jpeg 500w, https:\/\/cedite.facet.unt.edu.ar\/wp-content\/uploads\/2023\/08\/WhatsApp-Image-2023-08-11-at-11.48.37-1.jpeg 555w\" sizes=\"(max-width: 300px) 100vw, 300px\" \/>Autores y Docentes:<\/strong><\/p><p>Esp. L\u00eda Torres Auad<\/p><p>Mg. Nicol\u00e1s Auvieux<\/p><p>Organizado conjuntamente por el CEDITE (Centro de Educaci\u00f3n a Distancia e Investigaci\u00f3n en Tecnolog\u00edas Educativas) y la Secretar\u00eda de Extensi\u00f3n de la FACET, per\u00edodo Setiembre y Octubre de 2021. <strong>Resoluci\u00f3n N\u00b0 0983\/2021<\/strong><\/p><\/div>\n\t\t\t\t<\/div>\n\t\t\t\t\t\t\t\t<\/div>\n\t\t\t\t\t\t<\/div>\n\t\t\t\t<\/div>\n\t\t\t\t\t<\/div>\n\t\t<\/div>\n\t\t\t\t\t<\/div>\n\t\t<\/section>\n\t\t\t\t<section class=\"elementor-section elementor-top-section elementor-element elementor-element-c41cf02 elementor-section-boxed elementor-section-height-default elementor-section-height-default\" data-id=\"c41cf02\" data-element_type=\"section\" data-e-type=\"section\">\n\t\t\t\t\t\t<div class=\"elementor-container elementor-column-gap-default\">\n\t\t\t\t\t<div class=\"elementor-column elementor-col-100 elementor-top-column elementor-element elementor-element-03e86d5\" data-id=\"03e86d5\" data-element_type=\"column\" data-e-type=\"column\">\n\t\t\t<div class=\"elementor-widget-wrap elementor-element-populated\">\n\t\t\t\t\t\t<div class=\"elementor-element elementor-element-58e33a1 elementor-widget elementor-widget-spacer\" data-id=\"58e33a1\" data-element_type=\"widget\" data-e-type=\"widget\" data-widget_type=\"spacer.default\">\n\t\t\t\t<div class=\"elementor-widget-container\">\n\t\t\t\t\t\t\t<div class=\"elementor-spacer\">\n\t\t\t<div class=\"elementor-spacer-inner\"><\/div>\n\t\t<\/div>\n\t\t\t\t\t\t<\/div>\n\t\t\t\t<\/div>\n\t\t\t\t\t<\/div>\n\t\t<\/div>\n\t\t\t\t\t<\/div>\n\t\t<\/section>\n\t\t\t\t<section class=\"elementor-section elementor-top-section elementor-element elementor-element-49f040a elementor-section-boxed elementor-section-height-default elementor-section-height-default\" data-id=\"49f040a\" data-element_type=\"section\" data-e-type=\"section\">\n\t\t\t\t\t\t<div class=\"elementor-container elementor-column-gap-default\">\n\t\t\t\t\t<div class=\"elementor-column elementor-col-100 elementor-top-column elementor-element elementor-element-5dd4d0c\" data-id=\"5dd4d0c\" data-element_type=\"column\" data-e-type=\"column\">\n\t\t\t<div class=\"elementor-widget-wrap elementor-element-populated\">\n\t\t\t\t\t\t<div class=\"elementor-element elementor-element-ab4eb13 elementor-align-center elementor-widget elementor-widget-button\" data-id=\"ab4eb13\" data-element_type=\"widget\" data-e-type=\"widget\" data-widget_type=\"button.default\">\n\t\t\t\t<div class=\"elementor-widget-container\">\n\t\t\t\t\t\t\t\t\t<div class=\"elementor-button-wrapper\">\n\t\t\t\t\t<a class=\"elementor-button elementor-button-link elementor-size-md\" href=\"https:\/\/cedite.facet.unt.edu.ar\/?page_id=234\">\n\t\t\t\t\t\t<span class=\"elementor-button-content-wrapper\">\n\t\t\t\t\t\t\t\t\t<span class=\"elementor-button-text\">Regresar<\/span>\n\t\t\t\t\t<\/span>\n\t\t\t\t\t<\/a>\n\t\t\t\t<\/div>\n\t\t\t\t\t\t\t\t<\/div>\n\t\t\t\t<\/div>\n\t\t\t\t\t<\/div>\n\t\t<\/div>\n\t\t\t\t\t<\/div>\n\t\t<\/section>\n\t\t\t\t<\/div>\n\t\t","protected":false},"excerpt":{"rendered":"<p>\u00a0 Todas las propuestas formativas est\u00e1n enmarcadas en el \u201cPlan Estrat\u00e9gico para la inserci\u00f3n de TIC en procesos educativos y la implementaci\u00f3n de la educaci\u00f3n a distancia en la FACET\u201d, y proporcionan los elementos tanto tecnol\u00f3gicos como pedag\u00f3gicos para complementar el dictado presencial y\/o llevar adelante propuestas semipresenciales o a distancia atendiendo a las caracter\u00edsticas [&hellip;]<\/p>\n","protected":false},"author":1,"featured_media":0,"parent":0,"menu_order":0,"comment_status":"closed","ping_status":"closed","template":"","meta":{"_vp_format_video_url":"","_vp_image_focal_point":[],"footnotes":""},"class_list":["post-1040","page","type-page","status-publish","hentry"],"_links":{"self":[{"href":"https:\/\/cedite.facet.unt.edu.ar\/index.php?rest_route=\/wp\/v2\/pages\/1040","targetHints":{"allow":["GET"]}}],"collection":[{"href":"https:\/\/cedite.facet.unt.edu.ar\/index.php?rest_route=\/wp\/v2\/pages"}],"about":[{"href":"https:\/\/cedite.facet.unt.edu.ar\/index.php?rest_route=\/wp\/v2\/types\/page"}],"author":[{"embeddable":true,"href":"https:\/\/cedite.facet.unt.edu.ar\/index.php?rest_route=\/wp\/v2\/users\/1"}],"replies":[{"embeddable":true,"href":"https:\/\/cedite.facet.unt.edu.ar\/index.php?rest_route=%2Fwp%2Fv2%2Fcomments&post=1040"}],"version-history":[{"count":103,"href":"https:\/\/cedite.facet.unt.edu.ar\/index.php?rest_route=\/wp\/v2\/pages\/1040\/revisions"}],"predecessor-version":[{"id":1297,"href":"https:\/\/cedite.facet.unt.edu.ar\/index.php?rest_route=\/wp\/v2\/pages\/1040\/revisions\/1297"}],"wp:attachment":[{"href":"https:\/\/cedite.facet.unt.edu.ar\/index.php?rest_route=%2Fwp%2Fv2%2Fmedia&parent=1040"}],"curies":[{"name":"wp","href":"https:\/\/api.w.org\/{rel}","templated":true}]}}